greatest common factor of d and w.
31
Let h(z) = z**3 - 18*z**2 - 20*z + 77. Let a be h(19). Calculate the highest common factor of a and 2262.
58
Suppose t = -2*a + 119, -5*a = 5*t - 272 - 23. What is the greatest common factor of a and 1390?
10
Let a be -6 + (675/5)/9. Let n be 4/6 + (-212)/(-6). What is the greatest common factor of a and n?
9
Suppose i + 3*i = -3*g + 91, 2*g = i - 20. What is the greatest common divisor of i and 64?
2
Let x = 233 + -231. Suppose -19*w + a - 150 = -23*w, w - x*a - 33 = 0. What is the highest common divisor of w and 333?
37
Suppose -3*i = 4*x - 145, 5*i - 270 = -32*x + 31*x. What is the highest common factor of i and 429?
11
Let g = 81 - 84. Let i be 93 + g/4 + 23/4. Calculate the highest common divisor of 7 and i.
7
Let n(u) = 6 - 9*u**3 - 3*u**2 + 0*u**2 - 20*u + 40 + 19*u**3 - 9*u**3. Let m be n(7). What is the highest common factor of 6 and m?
6
Let r be (-2 - (2 + -3))*-2 + -1 + 623. Calculate the greatest common factor of 12 and r.
12
Let i be 3/2*(-8)/(-3). Suppose i*m = 8*m - 324. Suppose -3*q + 9 = -2*q. Calculate the greatest common divisor of q and m.
9
Suppose -64*r = -48*r - 320. What is the greatest common factor of r and 50?
10
Let r = -1057 + 1061. Suppose r*v + f - 974 = v, -v + 330 = -5*f. Calculate the greatest common divisor of v and 52.
13
Let a = -3 - -3. Suppose -5*v = -a*v - 210. Suppose v = -2*z + 3*z. Calculate the greatest common divisor of 21 and z.
21
Let v be 45/((658/(-20))/7 - -5). Let i be (2 - 0)/((-6)/(-150)). What is the greatest common factor of v and i?
50
Let m(o) = 15*o + 1. Suppose 42 = -9*c + 15. Let l be m(c). Let j be (-2431)/l + (-1)/4 + 0. What is the greatest common divisor of j and 22?
11
Let k(i) = i**3 - 39*i**2 - i + 47. Let n be k(39). Let y be n/(-36) + 60/(-27)*-1. What is the highest common factor of y and 38?
2
Let j = -26041 + 26558. Calculate the highest common divisor of j and 132.
11
Let f be (-22 - 1088/(-48))/((-2)/(-11289)). Calculate the greatest common divisor of 71 and f.
71
Suppose -2*b + 6*b = -264. Let i be (-5)/(10/4) - b. Suppose 5*j = -0*f - 3*f + 49, 3*j = -5*f + 39. What is the highest common divisor of j and i?
8
Let h be (-20)/(-4) - (2 - 0). Suppose 2 = -h*f + 11. Let s(z) = -5*z - 1. Let y be s(-2). Calculate the greatest common divisor of y and f.
3
Let h(c) = 384*c**2 - c. Let d be h(-1). Let g = d + -271. Suppose 0 = 2*u - 5*n - 70, -5*u + 61 = -4*n - g. Calculate the highest common factor of u and 7.
7
Let i be (17/((-68)/32))/(-1). Suppose z + 9 = -2*z. Let f = z - -5. What is the highest common factor of i and f?
2
Let o be (4/6)/(-1 - (-304112)/304080). Calculate the highest common divisor of 70 and o.
35
Let q be (-960)/90 + (-1)/3. Let a(u) = -2*u - 14. Let x be a(q). Let r be ((-50)/4)/((12/x)/(-3)). What is the highest common divisor of 175 and r?
25
Let x be 5*(3 + (1 - 0)). Let t(w) = -23*w - 37. Let v be t(-9). Suppose -5*g + 22*g = v. Calculate the highest common factor of g and x.
10
Let c(s) = -s - 8. Let y be c(0). Let d = 46 - 47. Let v be (d + y + 1)/(47/(-282)). Calculate the highest common factor of v and 6.
6
Suppose 3*z - 5*b + 408 = -6*b, 2*z = -5*b - 285. Let w = z + 167. Calculate the greatest common factor of w and 608.
32
Suppose 21*c = 18*c. Let p be (c - 3) + (-110)/(-2). Let g = -3 + p. What is the highest common factor of 7 and g?
7
Let t(b) = 3*b - 2. Suppose 2*r - 5*s + 28 = 11, 5*r - 10 = 2*s. Let c be t(r). Suppose 0 = -9*u + c*u - 112. What is the greatest common divisor of 14 and u?
14
Suppose 50*x = 6391 + 609. What is the highest common divisor of x and 540?
20
Let n(c) be the second derivative of c**3/6 + 3*c**2/2 + 237*c. Let s be n(43). Calculate the greatest common divisor of s and 46.
46
Suppose l = 4*l - 9. Suppose 24 = -895*t + 891*t, 0 = -4*g - 2*t + 312. Calculate the greatest common factor of g and l.
3
Let j be -1198*5/(-10) + 16 + -20. Calculate the highest common factor of 35 and j.
35
Let k = -1705 - -1742. Calculate the highest common factor of k and 8621.
37
Let v = 9023 - 3722. Calculate the greatest common factor of 19 and v.
19
Let d(n) = -n**3 - 63*n**2 + 62*n - 64. Let c be d(-64). What is the highest common divisor of 2 and c?
2
Let o be (-72)/180*(-1)/((-2)/(-770)). Let a = -64 + o. What is the greatest common divisor of a and 5?
5
Let y be 6/(-21) - 264/(-42). Suppose -y*d - 4*d + 4860 = 0. What is the highest common divisor of 54 and d?
54
Let x(q) = -2*q**3 - 94*q**2 + 42*q + 176. Let p be x(-48). Calculate the highest common divisor of p and 519.
173
Suppose -10 + 42 = 27*m - 26*m. What is the highest common divisor of 404 and m?
4
Suppose 446*t - 462*t + 256 = 0. What is the highest common divisor of 896 and t?
16
Let w be (-3 - (-2)/6)*((-2673)/6)/11. Calculate the highest common factor of w and 54.
54
Let c(i) = 18*i + 4. Let f be c(6). Suppose 183*y = 659*y - 2961 - 371. Calculate the highest common divisor of y and f.
7
Let y be ((-42)/2)/(3*1/(-3)). Suppose -h = 24*g - y*g - 39, -h + 47 = -g. What is the highest common factor of h and 40?
5
Let m = 48 + -45. Suppose 0 = -4*x + 3*x - 5*a - 7, -x = -m*a + 15. Let n be x/(-48) + 79/4. Calculate the greatest common factor of n and 180.
20
Let c(k) = k**3 + 18*k**2 + 37*k - 40. Let w be c(-15). Suppose -p = 4*n - 121, n + 0*p = -p + 31. What is the greatest common divisor of w and n?
10
Suppose 0 = -k + 4*k + 9, 4*m - 198 = -2*k. Suppose 3*p = -o + 12 + 15, -5*p + m = 2*o. Calculate the greatest common divisor of o and 270.
18
Let u(k) = 4 + 4 - 5*k - 5*k + 3*k**2. Let r be u(6). Let p(x) = x**3 + 4*x**2 - 33*x + 18. Let a be p(4). Calculate the greatest common divisor of a and r.
14
Let z = -119 - -45. Let m = z - -138. Let y(s) = -s**2 - 7*s - 2. Let p be y(-6). Calculate the highest common factor of m and p.
4
Suppose 0 = 5*z + 5*v - 325, 0 = 3*z - 4*v - 172 - 58. Let m be 21*2/(-3)*-3. Suppose 0 = 24*t - 27*t + m. What is the highest common factor of z and t?
14
Suppose -137*g = -22*g - 60720. Calculate the highest common divisor of 336 and g.
48
Suppose h - 4*c - 44 = 0, 19*h + 45 = 24*h + 5*c. Calculate the greatest common factor of 4064 and h.
16
Suppose -11*n = -2328 + 513. Suppose 12*l - 147 = n. What is the highest common factor of l and 13?
13
Suppose 2*s - 8 = -4*l, 5*s - 5*l + 7 - 12 = 0. Suppose 30 = v - s*u, -4*u - 93 = -5*v + 75. What is the greatest common divisor of v and 162?
18
Suppose 79*s - 10418 = 78931. Calculate the greatest common divisor of s and 91.
13
Suppose 0*j + 2 = -y + j, 4*j = 3*y + 10. Suppose 24*q + 316 + 500 = 126*q. What is the highest common factor of y and q?
2
Suppose -2*o - 3*d + 43 = 0, -77 + 15 = -4*o + 2*d. Let c be 4/14 - o/((-357)/666). Suppose 4*y - 384 = -0*y. What is the greatest common factor of y and c?
32
Let a(t) = 53*t**2 + 64*t - 40. Let w be a(8). What is the greatest common factor of w and 184?
184
Let i be 60/(-8)*6/(-3). Let c be i/(-20) + (-43)/(-4). What is the greatest common divisor of 2 and c?
2
Let s = 129 + -16. Suppose -38*f = -341 + s. Calculate the greatest common divisor of 78 and f.
6
Suppose 11 = 3*g - 7. Suppose q - g*q + 440 = 0. Let y(c) = 5*c**2 - 455*c + 898. Let z be y(89). What is the greatest common factor of q and z?
8
Let h(t) = 137*t**2 + 45*t - 282. Let f be h(6). Calculate the highest common factor of 240 and f.
120
Suppose 20 = -5*t - 4*n - 194, -n - 42 = t. Let f = 298 + -247. Let u = t + f. Calculate the highest common divisor of 55 and u.
5
Suppose -5*l + 0*l = 3*y - 34, -13 = 4*y - 5*l. Let a be 6/(-2) + 25*y. What is the highest common divisor of 9 and a?
9
Let r(j) = 6*j + 9. Let v be r(1). Suppose 13*p + v*p - 56 = 0. Suppose 0*t - t + 2 = 0. Calculate the highest common divisor of t and p.
2
Let k(m) be the first derivative of -m**4/4 - 9*m**3 - 31*m**2/2 + 95*m + 108. Let z be k(-26). What is the highest common factor of 9 and z?
9
Let i be 1/(-7) + 559/91. Let g(y) = -7*y + 48. Let a be g(i). Let v(f) = f**2 - 10. Let c be v(-8). Calculate the highest common divisor of c and a.
6
Let g = -23568 - -23727. What is the highest common divisor of 583 and g?
53
Let d = 57 - 12. Let h(w) = 6*w**2 - 5*w + 4. Let u be -5 + (2 - -5)/1. Let c be h(u). What is the highest common factor of d and c?
9
Let t(x) = -105*x + 196. 